 multiple of 3406?
False
Is 14409270 a multiple of 115?
True
Does 3160 divide 511468120?
True
Is 299 a factor of 3897438?
False
Does 26 divide 52369122?
True
Is 147 a factor of 44572630?
False
Is 408275 a multiple of 309?
False
Is 1307 a factor of 69295833?
True
Is 2090498592 a multiple of 156?
True
Does 3984 divide 65511001?
False
Is 447 a factor of 119833101?
True
Does 2586 divide 17231013?
False
Does 5 divide 110978?
False
Does 386 divide 447276458?
False
Is 5196568 a multiple of 29?
True
Does 15 divide 357477530?
False
Is 220 a factor of 14883220?
True
Is 10 a factor of 217776501?
False
Is 61991104 a multiple of 7?
True
Is 8 a factor of 13213565?
False
Is 151486032 a multiple of 31?
False
Is 3308040 a multiple of 324?
True
Does 127 divide 26284523?
False
Is 99151848 a multiple of 291?
True
Does 981 divide 41801883?
False
Does 2167 divide 2422066735?
True
Is 3 a factor of 9229168?
False
Does 6 divide 297195150?
True
Is 2008 a factor of 600060?
False
Does 3904 divide 159427648?
True
Is 146 a factor of 24702221?
False
Is 715450406 a multiple of 9?
False
Is 113054634 a multiple of 20?
False
Is 94 a factor of 40053118?
True
Does 3852 divide 2692548?
True
Is 24110801 a multiple of 120?
False
Is 15 a factor of 77267137?
False
Is 99 a factor of 13432319?
False
Is 13 a factor of 192024432?
False
Is 370717655 a multiple of 35?
True
Does 194 divide 34237702?
True
Is 90723618 a multiple of 15?
False
Does 21 divide 55368349?
False
Does 16 divide 25194188?
False
Is 221332826 a multiple of 286?
True
Is 21 a factor of 496286994?
True
Does 19 divide 21828343?
False
Is 21875425 a multiple of 1206?
False
Is 4 a factor of 16505540?
True
Does 135 divide 112328235?
True
Is 7666380 a multiple of 90?
True
Does 316 divide 155586076?
True
Is 29797658 a multiple of 510?
False
Is 33 a factor of 178243428?
True
Is 1994 a factor of 428012637?
False
Does 1679 divide 268152612?
False
Does 4422 divide 16555968?
True
Does 346 divide 11514083?
False
Does 149 divide 4127449?
True
Does 349 divide 1210581186?
True
Does 533 divide 665396667?
True
Is 215895711 a multiple of 106?
False
Is 1029149212 a multiple of 91?
True
Is 82941534 a multiple of 13?
True
Is 22997748 a multiple of 69?
False
Is 35 a factor of 4188639547?
False
Is 186 a factor of 8336520?
True
Is 118385232 a multiple of 10?
False
Does 5 divide 1220905?
True
Is 69900191 a multiple of 59?
True
Is 51188120 a multiple of 8?
True
Is 20376831 a multiple of 6?
False
Is 3275 a factor of 1093964625?
True
Is 1818 a factor of 20059461?
False
Is 17 a factor of 7452906?
False
Does 29 divide 2713254393?
False
Is 26 a factor of 152851359?
False
Does 71 divide 13223182?
True
Is 5645 a factor of 273684150?
False
Is 95 a factor of 1416723267?
False
Does 3 divide 15549966?
True
Does 14 divide 288801519?
False
Does 73 divide 261421223?
False
Is 213076669 a multiple of 37?
False
Is 2036427393 a multiple of 5071?
True
Is 33 a factor of 678321930?
True
Does 1024 divide 6018570?
False
Is 12166098 a multiple of 68?
False
Is 902220 a multiple of 132?
True
Is 312061212 a multiple of 36?
True
Is 3184740 a multiple of 117?
True
Does 67 divide 143343552?
True
Does 2 divide 10358820?
True
Is 199306641 a multiple of 411?
True
Is 96434522 a multiple of 405?
False
Is 17484700 a multiple of 575?
False
Is 829 a factor of 19502064?
False
Is 626873503 a multiple of 137?
True
Does 53 divide 35140431?
True
Is 197 a factor of 593324558?
False
Does 463 divide 32473431?
True
Does 957 divide 36637788?
True
Is 83 a factor of 2593952?
False
Is 4 a factor of 119188?
True
Is 2981792353 a multiple of 13?
False
Is 24 a factor of 703165132?
False
Does 1423 divide 3123646978?
False
Is 42 a factor of 7215095?
False
Is 37 a factor of 378640789?
False
Is 386386198 a multiple of 828?
False
Is 6 a factor of 137064876?
True
Does 3773 divide 4848208967?
False
Does 1324 divide 66423747?
False
Is 1936 a factor of 998464896?
True
Does 31 divide 164487147?
True
Does 58 divide 621848392?
True
Is 631941018 a multiple of 576?
False
Is 12 a factor of 118496136?
True
Is 149171543 a multiple of 1442?
False
Does 541 divide 48493076?
True
Is 54127263 a multiple of 28?
False
Does 199 divide 54507692?
True
Does 199 divide 20242280?
True
Is 451281106 a multiple of 35?
False
Does 148 divide 215362644?
True
Is 573 a factor of 430502922?
True
Does 4 divide 4753192?
True
Is 120015992 a multiple of 73?
False
Is 185 a factor of 223665?
True
Does 505 divide 5972635?
True
Is 6784 a factor of 244374121?
False
Is 3100 a factor of 100892600?
True
Is 44242294 a multiple of 6035?
False
Is 315741868 a multiple of 444?
False
Is 114557378 a multiple of 23?
False
Is 47294324 a multiple of 3984?
False
Is 3053 a factor of 290215127?
True
Does 3559 divide 293259494?
False
Is 249 a factor of 180296418?
True
Is 47252596 a multiple of 842?
False
Is 129 a factor of 120349?
False
Is 23864090 a multiple of 562?
False
Is 63992124 a multiple of 18?
True
Is 13 a factor of 197983302?
False
Is 264562416 a multiple of 4854?
True
Does 532 divide 27353312?
True
Is 101496824 a multiple of 44?
True
Is 66 a factor of 377950584?
True
Does 4407 divide 412264009?
False
Does 540 divide 49700289?
False
Does 647 divide 274392053?
True
Is 32940582 a multiple of 35?
False
Is 88100392 a multiple of 37?
False
Is 186433667 a multiple of 1102?
False
Is 3513 a factor of 2189822565?
False
Is 23252892 a multiple of 1230?
False
Is 835930540 a multiple of 101?
True
Is 1158413993 a multiple of 2273?
True
Is 365659904 a multiple of 62?
False
Does 9 divide 4512023977?
False
Does 406 divide 1460048199?
False
Does 14 divide 85266706?
True
Is 55 a factor of 59832960?
True
Is 114 a factor of 93232301?
False
Is 26 a factor of 133690416?
False
Is 8 a factor of 1616748?
False
Is 44618250 a multiple of 1230?
True
Is 528755 a multiple of 228?
False
Does 19 divide 1989596023?
False
Is 3 a factor of 1685087?
False
Is 141712385 a multiple of 46?
False
Is 12 a factor of 98551202?
False
Is 115512040 a multiple of 488?
True
Does 8 divide 10211680?
True
Is 2521618 a multiple of 187?
False
Does 1079 divide 1068548035?
False
Is 2100 a factor of 341096978?
False
Is 19054364 a multiple of 6?
False
Is 25 a factor of 55667575?
True
Does 4605 divide 58603605?
False
Is 21995513 a multiple of 87?
False
Is 3 a factor of 1984495243?
False
Does 445 divide 313941270?
True
Does 42 divide 6093822?
True
Does 13 divide 1702024909?
True
Does 2554 divide 24211920?
True
Does 6008 divide 245216520?
True
Is 648961891 a multiple of 817?
True
Is 102212017 a multiple of 41?
False
Is 44 a factor of 1648186936?
True
Does 1008 divide 24488351?
False
Is 1031 a factor of 466010969?
True
Does 4979 divide 17966116?
False
Is 8265332 a multiple of 68?
True
Is 152194163 a multiple of 1243?
True
Does 159 divide 9959601?
True
Is 3352268 a multiple of 4?
True
Is 6 a factor of 625160819?
False
Is 14213882 a multiple of 34?
False
Is 9979584 a multiple of 13?
False
Is 192 a factor of 63034746?
False
Does 21 divide 68626631?
False
Is 10527298 a multiple of 6?
False
Is 13 a factor of 151434962?
False
Is 89 a factor of 273515690?
True
Does 649 divide 3247718012?
True
Does 37 divide 171536625?
True
Is 938 a factor of 1459626490?
True
Is 342528412 a multiple of 1657?
True
Is 146 a factor of 101916384?
False
Is 464702319 a multiple of 309?
True
Is 47692047 a multiple of 15?
False
Does 23 divide 1628129?
False
Is 507 a factor of 299152122?
False
Is 453 a factor of 265633311?
True
Does 98 divide 65620170?
False
Is 3194056385 a multiple of 13?
True
Is 62 a factor of 29197549?
False
Does 23 divide 154970472?
False
Is 230 a factor of 1083324610?
True
Is 232142680 a multiple of 220?
True
Is 15 a factor of 26073822?
False
Does 1536 divide 280273920?
True
Is 591 a factor of 236933619?
False
Does 1885 divide 240248284?
False
Is 53606100 a multiple of 15?
True
Does 69 divide 4062719?
False
Does 72 divide 351822712?
False
Is 239610405 a multiple of 43?
True
Does 72 divide 331150032?
True
Is 889993 a multiple of 36?
False
Is 25 a factor of 687355250?
True
Is 2156551509 a multiple of 32?
False
Is 156 a factor of 631871802?
False
Is 65623516 a multiple of 14?
True
Is 25581868 a multiple of 13?
True
Is 951 a factor of 135912165?
True
Is 443 a factor of 1347606?
True
Is 8531 a factor of 300965149?
True
Is 248443347